65. Let q = -2506 - j. What are the prime factors of q?
7, 241
Let t be 3*(80168/24 + -5). Suppose 5*l = 3*w + 12055 - 2033, 0 = -5*l - w + t. What are the prime factors of l?
2, 7, 11, 13
Suppose 3*h + h + 5*c + 105 = 0, 0 = -h - 5*c - 15. Let w = h + 32. Suppose 2*i + 0*i = w*m + 300, 0 = 2*m - 8. What are the prime factors of i?
2, 7, 11
Suppose 0 = 5*k + 3*j - 5*j - 75939, 4*k = -2*j + 60744. List the prime factors of k.
15187
Suppose t + 4 - 39 = 3*d, -3*d - 37 = -2*t. Let y(f) = 3*f - 10. Let w(r) = -7*r + 21. Let a(q) = d*y(q) - 6*w(q). List the prime factors of a(8).
2, 7
Let m(d) be the first derivative of 2*d**3 - 3*d**2/2 - 12*d - 1. Let q = -334 + 329. List the prime factors of m(q).
3, 17
Suppose q - h = 23446, -285*q + 283*q - 4*h + 46856 = 0. What are the prime factors of q?
2, 5, 293
Let t(k) = k**3 + 3*k**2 - 18*k + 13. Let n be t(-6). List the prime factors of 639/2 + n/26.
2, 5
Let j be 8336/(-10)*(5/2)/(-1). Suppose -4*o - 1566 = -3*f, -4*o - j = 2*f - 6*f. What are the prime factors of f?
2, 7, 37
Let d(t) = t**3 + 16*t**2 + 40*t - 1. Let m = -215 - -208. What are the prime factors of d(m)?
2, 5
List the prime factors of 1334290/116 + 1/(-2).
2, 3, 71
Let s(f) = 39*f - 16*f - 18 - 5*f. Let y(v) = v - 1. Let k(z) = -s(z) + 15*y(z). What are the prime factors of k(-7)?
2, 3
Let f = 147 + -113. Let k = f + -29. Suppose -v - 204 = -k*v. What are the prime factors of v?
3, 17
Let n = -7 + 10. Let l = -1218 + 1374. Suppose n*a = -p + 142, p - 2*a = 2*a + l. List the prime factors of p.
2, 37
Suppose -32*w + 41*w = 27. Suppose 0*z = -w*z + 1056. What are the prime factors of z?
2, 11
Let u(d) = d**3 + 32*d**2 - 416. What are the prime factors of u(-26)?
2, 5, 7, 13
Let c = -11026 + 30445. List the prime factors of c.
3, 6473
Suppose -4*q = -4*z + 75872, -2*z = 904*q - 909*q - 37933. What are the prime factors of z?
3, 6323
Suppose -5*t + t + 8 = 0. Suppose 4*z + 226 + 188 = -t*o, 0 = -2*z + 4*o - 182. Let l = -27 - z. What are the prime factors of l?
2, 37
What are the prime factors of (-132 + 3650)/((-5)/((-45)/2))?
3, 1759
Let k(o) = 63*o**3 - 2*o**2 - 3*o - 2. Let g be k(-1). Suppose 6 = -2*l - 2*f, 5*f = 2*f - 6. What are the prime factors of (g/(-48))/(l/(-69))?
2, 23
Let f(t) = 2*t**2 + 3*t - 4. Let w be f(-3). Let c(q) = -q**2 - 21*q + 3. Let j be c(-21). Suppose w*i = j*x + 37, i = 3*x + 9 - 4. List the prime factors of i.
2
Suppose -2*y + 2248 + 6924 = -4*u, -4628 = -y - 5*u. What are the prime factors of y?
2, 11, 19
List the prime factors of 8/16*(-24)/((-12)/(-3)) + 13055.
2, 13, 251
Let h(s) = 5*s**2 - 2*s - 9. Suppose -3*d = -7*d. Suppose 6*g = -4*n + 2*g + 4, d = n - 3*g + 19. What are the prime factors of h(n)?
79
Let y(a) = -2*a**2 - 38*a - 108. Let b be y(-4). Let f(q) = -165*q - 1. Let i be f(3). What are the prime factors of i/(-6) + (-8)/b?
2, 41
Suppose -562073 = -163*g + 820982. What are the prime factors of g?
5, 1697
Suppose -30*m = -21*m - 14283. List the prime factors of (-4)/(-14) + m/7.
227
Suppose 0 = b, -4*b + 26000 = 2*w - 6704. Suppose 71*k - 57*k = w. What are the prime factors of k?
2, 73
Let t = -30 - -85. Let y = 90 - t. Suppose -5*i + y = 5*l - 30, -29 = -2*l - 3*i. What are the prime factors of l?
2, 5
Suppose 0 = 129*q - 642848 - 286339. What are the prime factors of q?
3, 7
Let r be 4/(216/40026) + (-2)/9. Suppose 8*k - 899 = r. List the prime factors of k.
5, 41
Let t be 3*(-1)/1 - (26 + -26). Let g = t - -8. Suppose 2*a = 4*d - 3*a - 291, -g*d + a + 390 = 0. What are the prime factors of d?
79
Suppose 32*n + 41*n = 34651 + 14697. List the prime factors of n.
2, 13
Suppose -6*z = -3*z - 1131. Let j = -777 - -958. Let i = z - j. What are the prime factors of i?
2, 7
Let k(m) = 545*m**2 - 75*m - 221. What are the prime factors of k(-3)?
4909
Let j(n) = -n**2 - 6*n + 19. Let p be j(-8). Suppose -5*k + 955 = 2*b, 594 = p*k - 9*b + 6*b. What are the prime factors of k?
193
Let q = 31505 - 21607. What are the prime factors of q?
2, 7, 101
Let d be 22 + (4 - 0) + -6. Suppose -d = -y - 2*l, 24 = -0*y + y + l. Suppose 0 = 2*j - 2 - y. What are the prime factors of j?
3, 5
Let d(n) = -n**3 - 5*n**2 + n + 11. Let t be d(-7). Let c(h) = 0 - 93*h + t*h - 1. List the prime factors of c(8).
71
Let c(f) = -f**2 - 12*f + 6. Let t(p) = p**2 - 5*p - 10. Let r(x) = x**3 - 25*x**2 + 6. Let i be r(25). Let u be t(i). What are the prime factors of c(u)?
2, 19
Let a(p) = 2*p**2 - 2*p - 33. Let z be a(-6). Suppose 3*f - d = -f - 75, -5*f - d - 96 = 0. Let v = f + z. List the prime factors of v.
2
Let c be (-4195)/(-15) + 2/(-3). Let p = c - 133. Let b = p + -36. What are the prime factors of b?
2, 5, 11
Suppose o + 1703 = 2*o + 7*a, 0 = -2*a + 12. What are the prime factors of o?
11, 151
Suppose 3*v - 9 = 3*m, 2*v - 5 + 0 = 3*m. Let w(t) = 6*t**2 + 6*t + 2. List the prime factors of w(v).
2, 61
Let r = -16 + 16. Let m be (r - 1) + 42*2. Suppose -4*h = -3*h - m. What are the prime factors of h?
83
What are the prime factors of (152/171)/((16/15462)/4)?
2, 859
Suppose 11*z - 4374 = 20*z. Let o = z + 949. List the prime factors of o.
463
Suppose -109*l = -113*l - 12. Let v be l*(-149)/(5 - 4). Let u = v - 257. What are the prime factors of u?
2, 5, 19
Suppose -3*x + 21810 = -0*x - 2*p, 4*p = -5*x + 36372. What are the prime factors of x?
2, 3, 101
Suppose 0 = -43*s + 39*s. Suppose 168*r - 174*r + 6822 = s. What are the prime factors of r?
3, 379
Suppose 3*h - c + 38 = -9, -c + 81 = -5*h. Let u(j) be the first derivative of -j**3/3 - 17*j**2/2 + 5*j + 22. List the prime factors of u(h).
5
Suppose 5*b + 8*p - 255 = 3*p, -2*p = 10. Suppose 25 = 4*h + 4*d - 15, -d = -5*h + b. Suppose -7*z = -h*z + 308. List the prime factors of z.
7, 11
Let b = 36 + -34. Suppose -2019 = -b*n - 339. Suppose -4*g - 3*x + n = -x, 2*g = 3*x + 412. What are the prime factors of g?
11, 19
Suppose 4*d + 21003 = 5*c, 27*d - 24*d = 5*c - 21006. What are the prime factors of c?
3, 467
Let c = -38 + 37. Let n be (-122)/((4 - 2)*(0 - c)). Let y = -2 - n. What are the prime factors of y?
59
Let w = 348 - 341. Suppose 0 = 3*l + 5*i - 2385, -4*l + w*l + 3*i = 2385. What are the prime factors of l?
3, 5, 53
Let s(t) = -2*t + 20. Suppose 6*j - 62 = -8. Let q be s(j). List the prime factors of 265/q*(3 - 11/5).
2, 53
Let z(l) be the second derivative of 17*l**4/12 - l**3 + 31*l**2/2 + 2*l + 107. What are the prime factors of z(-9)?
2, 17, 43
Let k be ((-22)/33)/((-2)/(-3)). Let o be (k/3)/((-34)/(-18) + -2). Suppose 2 = 2*y - 4*y, -o*y = -2*h + 225. List the prime factors of h.
3, 37
Let h = -25 - -32. Suppose -h*q = -3*q - 1364. What are the prime factors of q?
11, 31
Let q(n) be the first derivative of -6*n**2 + 22*n - 2. Let i be -6*(6 + 52/(-12)). What are the prime factors of q(i)?
2, 71
Let w be 22 + 0/(-3 + 7). Suppose -2*z = -0*z - w. Let o(g) = 3*g + 26. List the prime factors of o(z).
59
Let w(y) = 2*y**2 - 6*y + 79. Let n(h) = 2*h**2 - 8*h + 79. Let b(t) = 6*n(t) - 5*w(t). List the prime factors of b(8).
3, 7
Suppose 2*r = 2*w + 4770 + 1606, 15980 = 5*r + 5*w. List the prime factors of r.
2, 3, 7, 19
List the prime factors of (-4)/(20/5 - 39548/9886).
2, 4943
Let l(j) = 479*j - 351. What are the prime factors of l(13)?
2, 13, 113
Let x(h) = -h**2 - 44*h - 28. Suppose 0 = 4*l - 26 + 98. Let m be x(l). Suppose -m = -2*i - 2*i. What are the prime factors of i?
2, 5, 11
Let x = -406 + 415. Suppose x*c - 5*c = 4972. List the prime factors of c.
11, 113
Let p be (598/(-6))/(40/12 + -3). Let g = p - -591. List the prime factors of g.
2, 73
Suppose -89420 = -20*f + 35580. What are the prime factors of f?
2, 5
What are the prime factors of (4 - 2) + 149 + 25089?
2, 5, 631
Suppose -3*m = -3*f - 279, 456 = 5*m + 3*f - 5*f. List the prime factors of (-20)/m + 4889/9.
3, 181
Let x(l) = 956*l - 34. Let r be x(-7). List the prime factors of (r/(-21))/1 + (-12)/42.
2, 5
What are the prime factors of (-8)/(112/(-42)) + 1*4153?
2, 1039
Let i(p) be the third derivative of 191*p**4/24 - 95*p**3/6 + 3*p**2 - 14*p. List the prime factors of i(5).
2, 5, 43
Let q = 30 - 28. Let i(j) = -7*j + 0 + 5*j**2 + 0 + j**3 - q. List the prime factors of i(-6).
2
Suppose -34*v + 210812 + 77233 = -249665. What are the prime factors of v?
5, 3163
Let q(j) = 568*j**2 - 51*j +